*c, 4*r - 2*c = -322. Let a = -19 - r. What is the tens digit of ((-9)/12)/((-2)/a)?
2
Suppose -35*d + 31*d + 4031 = 5*l, 2*d + l = 2011. What is the thousands digit of d?
1
Suppose 0*n + 3*n = -30. Let y = 10 + n. Suppose y = -z + 6 + 2. What is the units digit of z?
8
Let p be (-4)/(-18) + -2 + (-86)/(-18). Suppose 4*l - 3*l - 4*y = 54, -p*l + 162 = -2*y. What is the units digit of l?
4
Let k = -244 - -794. What is the tens digit of k?
5
Let k(h) = -h + 13. Let v be k(9). Suppose 0 = -v*r + 35 - 11. Suppose -3*t = -2*a + 11 + r, 5*t = -5. What is the units digit of a?
7
Let v(f) = 2*f**2 + 3*f - 3. Let x be v(2). Let z = -97 + 91. Let p = z + x. What is the units digit of p?
5
Suppose l - 6*l - 5 = 5*r, 5*l = 4*r - 14. What is the units digit of 129/(l + 5) + 4?
7
Let h be (-8)/16 - (1087/(-2) + 1). Suppose -h = -4*u - 114. What is the units digit of u?
7
Suppose 0 = -4*d + j + 1226, -2*d + 7*j = 4*j - 618. What is the units digit of d?
6
Let f be 1 - ((-5)/(-3))/((-15)/(-18)). What is the units digit of (7 + -5)*(1 + 1 + f)?
2
Let u(c) = c + 44. Let w be u(-19). Suppose 0 = 2*r + 5*q - 41, 0*q + 5*q = -w. What is the tens digit of r?
3
What is the tens digit of (2814 + -2)*(-16)/(-128)*4?
0
Suppose 3*j + 2*j + 5 = 0. Let d(a) = 90*a**2 - 3*a. What is the tens digit of d(j)?
9
Suppose -5*o - 3*v = -7*v - 2884, -1727 = -3*o - v. What is the units digit of o?
6
Let t = 111 + -65. Let j = t - 29. Let d = -5 + j. What is the tens digit of d?
1
Suppose p - c + 10 = 0, 0*c + 3*c - 14 = p. Let h be (p - -4) + -2 + 2. What is the units digit of (-2)/h*(1 - -21)?
1
Suppose 8*c - 3015 + 71 = 0. What is the hundreds digit of c?
3
Let x = 3426 + -964. What is the units digit of x?
2
Let l be -1 - (-4)/(-2)*1. Let m(p) = -2*p - 1. Let a be m(l). Suppose 32 = a*o - 53. What is the units digit of o?
7
Let b = -12 + 7. Let r be (-10)/b - (3 - 1). Suppose -s + 10 + 4 = r. What is the tens digit of s?
1
Suppose -3*x + 44 = x. Suppose 53 = -3*c + x. Let v = c + 30. What is the tens digit of v?
1
Let c(h) = 81*h + 13. Let y(m) = -40*m - 6. Let d(p) = -2*c(p) - 5*y(p). What is the units digit of d(2)?
0
Let d = -109 - -114. Suppose 0 = -5*v + d*r + 715, -2*v + 329 = 2*r + 63. What is the tens digit of v?
3
Let b be 119/28 - 2/8. Let w be (-110)/(-40) - (-1)/b. What is the tens digit of 87/(w + (-12)/8)?
5
Let i(y) = y**3 - 8*y**2 + 3*y - 6. Let g be i(8). Suppose 2*t - 56 = -q + g, -44 = -t + 3*q. Let b = -14 + t. What is the units digit of b?
4
Let v(i) = -12*i. Let r be v(-10). Suppose 4*q + 0*q = r. What is the tens digit of q?
3
Let l = -9 + 10. Let k = l - 0. What is the units digit of 0 + k + -1 + 2?
2
Suppose -223 = -5*j - 63. What is the units digit of j?
2
Let j = 2864 + -1978. What is the units digit of j?
6
Let w(d) = -d**3 - d**2 + 2*d + 2. Let x be w(-2). Let c be (5 + 207)*x/4. Suppose o - 2*s = -o + 36, 5*o + 3*s - c = 0. What is the tens digit of o?
2
Let b be 8 + (-26)/(-117) + 58/(-18). Suppose -15 - 42 = -f + 5*l, -4*f + 303 = b*l. What is the tens digit of f?
7
Suppose -2*a + 14 = -2*o, -a + 28 = 3*a - o. Suppose 0 = -2*h - i + 15, -2*i + a*i - 40 = -5*h. What is the units digit of 2/h - (-124)/7?
8
Let x = 140 - 136. Let h = -13 + 50. Suppose h + 211 = x*z. What is the tens digit of z?
6
Let y(i) = -i**3 + 5*i**2 - 5*i. Let r be y(3). Suppose 2*k = r*k - 32. What is the tens digit of k?
3
Let o(b) = b**2 + 14*b + 12. Let w be o(-11). Let g = w - -23. What is the units digit of g?
2
Let q be 2*(-2 - (-6 - -3)). Suppose -q*c = b - 521, -3*c - 2*b = 46 - 830. What is the hundreds digit of c?
2
Let u(m) = -2*m - 4. Let x be 6/(-5)*(-10)/(-3). Let f = -5 + x. What is the units digit of u(f)?
4
What is the units digit of (-8429 - (-2 - 5))*(-4)/8?
1
Let c be (0 + 2)*(-35)/14. Let w(s) = -s - 3. Let i be w(c). Suppose 2*q - 5*j = 24, -2*q - 3*j + i*j + 24 = 0. What is the units digit of q?
2
Suppose 11944 = 7*s - 3*t + 2*t, 3*t + 6830 = 4*s. What is the thousands digit of s?
1
Let d = -114 - -6. What is the units digit of ((-4)/(-6))/((-3)/d)?
4
Let l be (-4)/6 + 392/84. Suppose 0 = 5*k - 10, -l*j + 5*k + 884 = 7*k. What is the hundreds digit of j?
2
Let u = -27 + 13. Let l = -11 - u. Suppose -g + 92 = l*g. What is the units digit of g?
3
Let f = 895 - 375. What is the units digit of f?
0
Let u(p) = -p**3 - 5*p**2 - 6*p - 4. Let y be u(-4). Suppose 9*b = 5*f + y*b - 445, b = 4. Let n = f + -36. What is the tens digit of n?
5
Let g = 201 - 119. Suppose -5*x = -16 + 1, 2*x = 4*q - g. What is the units digit of q?
2
Let t(b) = 3*b**3 - 8*b**2 - 4*b + 3. Let l be t(7). Suppose 5*c - 4*q - 73 = l, 0 = 3*c + 4*q - 443. What is the units digit of c?
1
Let q(i) = 2*i**2 - 60*i - 19. What is the tens digit of q(31)?
4
Let t = 117 - 110. Suppose t = -w + 199. What is the units digit of w?
2
Suppose 0*k = -11*k + 12870. What is the thousands digit of k?
1
Let w = -1523 - -2429. What is the units digit of w?
6
Suppose 33*q - 4*b - 8022 = 31*q, 5 = b. What is the tens digit of q?
2
What is the hundreds digit of 79820/48 + (786/(-72) - -11)?
6
Suppose -73 + 176 = k. Let b = k + -13. What is the tens digit of b?
9
Let g = -91 - -170. Let h = 10 + g. What is the units digit of h?
9
Suppose -2 = 2*d - 4*d, -4*x = -3*d - 5. Let z = 0 + x. Suppose z*l = -5*u + 163, -2*u - u - l = -97. What is the tens digit of u?
3
Let t = 3463 + -1439. What is the hundreds digit of t?
0
Let y(g) be the first derivative of g**3/3 - 3*g**2/2 + 10*g + 36. What is the tens digit of y(6)?
2
Let c be (-70)/(-4)*2394/95. Suppose -5*x + c = 4*x. What is the units digit of x?
9
Let h be 2 + (0 + 1)*3. Let v = -22 + 27. Suppose p = -4*m + v*p + 240, -h*m = -p - 292. What is the units digit of m?
8
Let r = 235 + -147. Let q = 279 - r. What is the hundreds digit of q?
1
Suppose -2*b + 7 - 3 = 0. Suppose -4*h + 10 = -b*h. Suppose -4*c - 12 = 0, 0*y - h*c = -4*y + 35. What is the units digit of y?
5
Let i be (-2 - -4)/1 - -6. Let d = 61 + -51. Let w = d + i. What is the tens digit of w?
1
Let q = -616 - -1006. What is the tens digit of q?
9
Suppose -10 = 2*i, 31*j - 4*i - 8544 = 27*j. What is the hundreds digit of j?
1
Suppose 0*j - 5*j + 15 = 0. What is the units digit of (7/2)/(j/6)?
7
Let m = 1379 - -411. What is the units digit of m?
0
Let p be (12/2)/3*2. Suppose -4*i + 4*h + 232 = h, -i + 45 = -p*h. What is the units digit of i?
1
Let g(t) = -t**2 + 9*t - 12. Let u = -18 - -26. Let v be g(u). Let x(s) = -s**2 - 5*s + 1. What is the units digit of x(v)?
5
Let k = 2732 + -2349. What is the units digit of k?
3
Let p(z) = 232*z - 29. What is the tens digit of p(3)?
6
Let p(k) = k**3 - 8*k**2 - k - 7. Let f be p(4). Let a = f + 116. What is the tens digit of a?
4
Let z be (-9)/(-2)*2/3. Suppose r + 77 = 3*m + 2*r, -133 = -5*m + z*r. Suppose -m = -3*d + 28. What is the tens digit of d?
1
What is the hundreds digit of 3/2*13140/54?
3
Let s = 3756 + -1807. What is the tens digit of s?
4
Suppose -3*h + 282 = 2*p, 4*h - 3*p - 393 = -0*h. Let a = -41 + h. What is the tens digit of a?
5
Let n(i) = -i**2 + 5*i - 3. Let x be n(2). Suppose 0*l - 2*u = 2*l - 10, u + 3 = x*l. Suppose -b + o = -16, l*b - 5*o - 5 = 21. What is the units digit of b?
8
Suppose -144*a + 1597 = -143*a. What is the thousands digit of a?
1
Let g be 4/(-6) + 28/6. Let t(f) = -1225*f**2 + 6*f + 1228*f**2 - f - 4. What is the units digit of t(g)?
4
Suppose 5*d = 4*d - 3*c + 999, 0 = d - 5*c - 1039. What is the hundreds digit of d?
0
Suppose -y = -4*d - d - 20, d + 13 = 2*y. Suppose 0*b = -y*b - 20. Let w(r) = r + 9. What is the units digit of w(b)?
5
Suppose 0 = 9*j - 10*j - 5*w + 1277, 5*w - 20 = 0. What is the hundreds digit of j?
2
Let l = -837 - -1893. Suppose 15*r + l = 19*r. What is the hundreds digit of r?
2
Let v(w) = -249 - 19*w + 125 + 115. What is the units digit of v(-9)?
2
Let m = -1104 + 1451. What is the hundreds digit of m?
3
Suppose -z - y + 715 + 23 = 0, 0 = -3*z - y + 2216. What is the tens digit of z?
3
What is the tens digit of 4/(-7) - (-630936)/756?
3
Suppose 0 = 2*k + j - 3282, -14*k = -16*k + 3*j + 3266. What is the units digit of k?
9
Suppose 3*m = -4*t + 151 + 635, t = m - 269. What is the hundreds digit of m?
2
What is the hundreds digit of (-109438)/(-140) + (-9)/(-30)?
7
Suppose -p = -3*d + 20, -3 = 